(2 - (1 - 0)) + 0. Suppose 2*k = -m + 5. Let h be 2*-1 - (k + -1). What is r(h)?
4
Suppose -6*i + i = y - 7, -y + 7 = 4*i. Let w(f) = 2*f - y + 2*f**2 - 3*f**3 - f**2 + 8 - 2*f**3. Calculate w(-1).
5
Let z(c) = 1 - 2*c**2 + 1 + 6*c + 5*c**2 + 3*c**2 - c**3. Determine z(7).
-5
Let w(g) be the second derivative of -g**4/12 + g**3 + 4*g. Let j be (6/7)/(1/7). Calculate w(j).
0
Let p(w) = -w**2 - 1. Suppose 2*i - 6*i = -8. Suppose i*q - 11 = -5*r, 5*r = -q + 6*q - 10. Suppose r = 5*s - 9. Give p(s).
-5
Let i(c) be the second derivative of -4*c**3/3 + c**2 - 35*c. Give i(4).
-30
Let i(p) = p**3 + p. Let g = 15 + -16. Let a(n) = -2*n**3 + 7*n**2 - 8*n + 8. Let m(c) = g*i(c) - a(c). Let u be (0/(-1))/(-1) - -6. What is m(u)?
-2
Let g(r) = r**3 + 3*r**2 + r - 2. Suppose 15 = -7*k + 2*k. What is g(k)?
-5
Let r(u) = -u**3 - 2*u**2 - 3*u - 2. Suppose -a + 0*a + 5 = 0. Suppose 3*x + 3*s = -0*s + 9, s - 15 = a*x. Determine r(x).
4
Let t(g) = 3*g**3 + g**2 + g + 1. Suppose x = 2*x - 5. Suppose 20 = x*m, 4*o + 0*m = m - 8. Determine t(o).
-2
Let h(g) be the first derivative of -2*g + 6 + g**2 - g + 0*g + g**3. Give h(2).
13
Let m = 22/7 - 125/42. Let s(g) be the second derivative of 9/2*g**2 - 2*g + 0 + m*g**3. Give s(-4).
5
Let h(d) = -d**3 - 6*d**2 + 7*d - 5. Let i be h(-7). Let j be (-1)/(-5) - (-6)/i. Let t(n) = 0 + 1 + 0*n**2 + n + n**2. What is t(j)?
1
Let s(j) = -4*j**3 - 7*j**2 + 6*j - 5. Let o(a) = -11*a**3 - 21*a**2 + 19*a - 14. Let f(p) = -3*o(p) + 8*s(p). What is f(-8)?
10
Suppose -a = -2*q - 5, 4*a + 35 = -3*q - 0*a. Let s(c) be the first derivative of 1/4*c**4 + 4/3*c**3 + 4 - 5/2*c**2 + 3*c. What is s(q)?
3
Let y = 1 - -4. Let u(k) = 2*k + 3. Let m be u(y). Let g = -8 + m. Let j(c) = c**2 - 3*c - 4. What is j(g)?
6
Let h(g) be the third derivative of g**4/12 + 7*g**3/6 - 3*g**2. Let m be h(-6). Let v(j) = -j**2 - 6*j - 7. Determine v(m).
-2
Let o(l) = l**2 - l. Let v be o(1). Let z be 3/6*0 - v. Let y(s) = -1 - 2*s + 2*s**2 + z - 1 + s**3. What is y(-3)?
-5
Let z(h) = 6*h**3 + h**2 + h. Let n(u) = u**2 - 12*u + 9. Let f be n(8). Let s = f + 22. Give z(s).
-6
Suppose -4*a + 25 = i + 6, 3*a - 12 = 0. Let t be (3/4)/(i/24). Let m(y) = y**2 - 7*y + 3. Give m(t).
-3
Let t(q) be the second derivative of 4*q**3/3 - q**2/2 + 3*q. Suppose -4 = h, -4*o + 8 = -3*h - 0. What is t(o)?
-9
Let b be (-18)/(-4)*12/9. Let q(i) = -i**2 + 4*i - 2. Give q(b).
-14
Let w(c) be the first derivative of -c**3/3 - 2*c**2 - 2*c + 9. Suppose 3*u + 4 = -5. Give w(u).
1
Let z = 7 - 5. Let x(b) = -b**2 - 6 + 5*b**z + b**2 - 6*b**2 + 5*b. Give x(4).
-2
Let u(j) be the second derivative of -j**3/6 - j**2 + j. Suppose -40 + 35 = -n. Calculate u(n).
-7
Let n(x) = -13*x + 14*x + 10*x**2 - 1 - 3*x**3 + 2*x**3 - 4. What is n(10)?
5
Let v = -2 - -4. Suppose h - 20 = -0*x + 4*x, x + 12 = v*h. Let p(w) = w**2 - 6*w + w + 3 - h. Give p(4).
-5
Let q(r) be the second derivative of r**5/20 - r**4/6 - r**3/3 + 14*r. Calculate q(3).
3
Let a(b) be the first derivative of b**2 - 5*b + 4. Calculate a(-4).
-13
Let a(w) = -w**3 - 10*w**2 - 10*w - 6. Let z be a(-9). Let k(f) = f**3 - 5*f**2 + 3*f + 1. Calculate k(z).
-8
Let y(s) = s**2 - 3 + 6 + 3 - 1. Calculate y(0).
5
Let b = 12 + -7. Let c(l) be the third derivative of l**5/60 - l**4/6 - 5*l**3/6 + 3*l**2. Give c(b).
0
Let k = -4 - -8. Let m(y) = -21*y**2 + 0 + 4*y - 21*y**2 - 2 + 41*y**2. What is m(k)?
-2
Let c = 1 + 1. Suppose d - c*d = 3. Let w(f) = 3*f. What is w(d)?
-9
Let n(f) = -f - 2. Let x be n(-6). Suppose 2*s - 3*s + x = 0. Suppose -k + 0*k + s = o, 0 = -2*k - o + 6. Let m(i) = i**2 + i + 2. Give m(k).
8
Let j(g) = g**2 + 6*g + 4. Let w be (4 - 4) + (-6 - -1). Give j(w).
-1
Let q(w) = -7 + 5*w**3 - 7*w**2 + 1 - 4*w**3 + 12*w - 6. Let m(x) = x - 1. Let l(g) = -5*m(g) + q(g). Calculate l(6).
-1
Suppose -2*z = -3*s + 1 - 7, -4*z + 12 = s. Let n(b) be the second derivative of 0 - 1/3*b**3 + 1/2*b**2 - 2*b. Calculate n(z).
-5
Let i(t) = -t**3 + 0 + 2 - 6*t + 2*t + 4*t**2. Let y be (-21)/7*(-2)/3. Give i(y).
2
Let n(y) = -y**2 + 7*y - 7. Let q = -2 - -2. Let o(z) = z**3 + z**2 + 6. Let m be o(q). What is n(m)?
-1
Suppose -2*h + 60 = 2*h. Let c = -9 + h. Let g(m) = -m**2 + 7*m - 4. What is g(c)?
2
Let g(p) be the second derivative of p**5/20 - 5*p**4/12 + p**3/6 + p**2/2 - 9*p. Suppose 0*a = 2*v + 3*a - 16, -3*a = 5*v - 31. What is g(v)?
6
Let q(d) = 3*d**3 - 31*d - 26*d + 58*d. Suppose -5*i + 19 = -m - 0, 3*m = 4*i - 13. Give q(m).
4
Let q(j) = 3*j + 4. Let o = 12 - 16. Let z be 2/(((-14)/o)/(-7)). What is q(z)?
-8
Let l(g) = g**3 - 2*g**2 - 2*g + 1. Let a be (-6 - -2) + (-2)/(-1). Let m(v) = -2*v - 2. Let t be m(a). Determine l(t).
-3
Let w(q) be the second derivative of -q**4/12 - 2*q**3/3 + 6*q. What is w(-5)?
-5
Suppose 8*l = 3*l + 15. Let d(h) be the third derivative of 5/6*h**l + 0 - h**2 + 1/24*h**4 + 0*h. What is d(0)?
5
Suppose -4*p + 25 = 13. Let m(w) = -3*w. Give m(p).
-9
Let q(s) = s**2 - 4*s - 1. Let m(o) = o + 5. Let j be m(-2). What is q(j)?
-4
Let n(a) = -a**3 - 2*a**2 + 5*a + 2. Let o be (-4)/(-8) + (-7)/2. Give n(o).
-4
Let m(k) = -k**2 - 8*k. Suppose 5*z = 5, 4*g - 5*z + 7*z + 22 = 0. Calculate m(g).
12
Let p(q) = 3*q**2 + 7*q - 31 - 2*q**2 - 2*q**2 + 28. Calculate p(5).
7
Let f(p) = 3*p - 2. Let r(n) = n + 3. Let g be r(-5). What is f(g)?
-8
Suppose -5*d - 16 = -u, -20 + 3 = -5*u + 4*d. Let x(g) = -10*g**3 - 2*g**2 + 1. Determine x(u).
-11
Let w(i) = -i + 11. Suppose 0 = -3*h - 3*l - 15, 2*l + 2*l = -3*h - 16. Let a be (-16)/24 - h/6. Determine w(a).
11
Let u(d) = d**2 + 4*d + 5. Let w(g) = -g**2 + 7*g - 1. Suppose -k + 4*f = 14, -2*k = 2*f - 31 + 9. Let r be w(k). Suppose 0*z + z + r = 0. Determine u(z).
10
Let r(f) = -2 + 36*f - 41*f + 2. What is r(2)?
-10
Let g(s) = -2*s**2 - 8*s - 8. Let t(a) = -a**2 - 2. Let j(q) = -g(q) + t(q). Give j(-6).
-6
Let k = 4 - -1. Let v(b) = -6*b**3 + 10*b**2 - 3. Let j(p) = p**3 - p**2. Let x(o) = -5*j(o) - v(o). Determine x(k).
3
Let c(q) = q + 1. Let d be c(-2). Let z(r) = -27*r + 7. Let v(u) = 41*u - 11. Let a(s) = -5*v(s) - 8*z(s). Calculate a(d).
-12
Suppose 0 = 13*w - 17*w. Let h(y) = -y**2 - y - 1. What is h(w)?
-1
Let r(v) = 3*v**3 + 7*v**2 + 4. Let f(w) = -16*w**3 - 36*w**2 + w - 21. Let i(k) = 2*f(k) + 11*r(k). Let h be 3/(-15) - 54/30. Give i(h).
10
Let v = -25 + 29. Let k(l) = l**2 - 5*l + 6. Calculate k(v).
2
Let i(r) = r**2 - 2*r + 2. Let x be 4/7*14/4. Give i(x).
2
Let d(t) = -2*t**2 + 3*t + 1. Suppose -b = 3*n - 12, 2*n - 7*b = -3*b - 6. Calculate d(n).
-8
Suppose 5*w = -z + 14, 3*z = -5 + 2. Suppose -w*q - 2 = -b, 3 = b - 2*q - 0*q. Let x(f) = f**3 - 6*f**2 + 5*f + 7. What is x(b)?
7
Let m(i) = -5*i + 1. Let d(w) = -3*w + 4. Let p be d(3). Let f(y) = y + 6. Let k be f(p). Give m(k).
-4
Suppose 2*m - 12 = -4*q, 4*m = -5*q + 5*m + 22. Let j be q/(-1*(2 + -4)). Let p(s) = 2 + 7*s**2 - 2*s**2 + s**3 + 2*s - s**j. Calculate p(-2).
6
Suppose -4*y = 2*l - 4*l + 30, l - 3 = 0. Let c = y - -2. Let a(b) be the third derivative of -b**5/60 - b**4/6 + b**3/3 - 35*b**2. Give a(c).
2
Let f(v) = v**2 + 2*v**2 - 10 - v**3 - 7*v**2 + 13. What is f(-4)?
3
Suppose -22*t - 3 = -23*t. Let c(z) = -7*z**2 + 9*z + 1. Let r(q) = 6*q**2 - 8*q. Let g(l) = -3*c(l) - 4*r(l). Calculate g(t).
-15
Suppose 3*k - 5*k = -36. Suppose -k = -4*u - 6. Let x(s) = 2*s**2 + 3*s + 5 - 33*s**3 + 32*s**3 - 4. Give x(u).
1
Let n(j) be the first derivative of -j**3/3 + 3*j**2/2 - 2*j + 11. What is n(3)?
-2
Let x(w) = 2*w - 7*w - 5 - 3 + 6*w. Let r = 18 - 13. Determine x(r).
-3
Let i(h) = -2*h + 4 + 0 - 1. Let t = 66 + -62. Calculate i(t).
-5
Let d(x) be the first derivative of -x**4/4 + 4*x**3/3 + 5*x**2/2 + 6*x - 9. Calculate d(5).
6
Let t(k) = -3 - 9*k**3 - 1 + 3 + k. Calculate t(1).
-9
Let n(c) = -1. Let i(z) = z**3 + 2*z**2 - 4*z - 4. Let v be i(-3). Let s(x) = -5*x - 1. Let k(b) = v*s(b) - 2*n(b). Determine k(-3).
-12
Let y(h) = h + 6. Let i be (-4 - -2) + -2 + 4. Give y(i).
6
Let c(u) = 2*u. Let b be ((-9)/15 + 1)*-5. Let k be 9/(-2) + (-3)/b. What is c(k)?
-6
Let z be -3*(-2 + 0 + 3)*1. Let p(d) = 2 + 2*d**2 + 3 - d**2 - 6*d. Let j(y) = -2*y**2 + 11*y - 9. Let f(n) = z*j(n) - 5*p(n). Determine f(4).
6
Let a(c) = -c**2 + 5*c + 3. Let v be ((-2)/(-6))/((-1)/3) - -7. Give a(v).
-3
Let j(m) = m**2 + 6*m - 